**2/2 - m + 2. Let u(p) be the first derivative of r(p). Calculate u(2).
-7
Suppose -8*d + 15 = -3*d, 0 = 5*l + 5*d - 25. Let z(b) = 7*b**l + 7*b**3 - 6*b**2 + 4 - 4. Calculate z(-1).
-6
Suppose 2*h + 2 = 8. Let z(o) = -o + 8. Let t be z(6). Let b(m) = -3*m - 2 + 3 + t*m. Give b(h).
-2
Let c(k) = 9*k - 32. Let s(y) = 3*y - 11. Let p(r) = 3*c(r) - 8*s(r). What is p(6)?
10
Let l(x) be the first derivative of x + 3/2*x**2 - 1 + 1/4*x**4 - x**3. Let h = -3 + 6. Determine l(h).
10
Let z(g) = -g + 2. Let o = -5 - 11. Let j = o - -31. Let a be (0 - 1)/(5/j). Give z(a).
5
Let l(m) = m**2 + 5*m + 3. Let i(x) = -x**3 + 4*x**2 - 2*x - 4. Let h be i(4). Let w = 23 + h. Suppose 4*q = 5*t, w = -5*t - 9. What is l(q)?
3
Suppose -g + 6 = -2. Suppose 0*t = 4*t - g. Let l(f) = -f**2 + 2*f - 2. Give l(t).
-2
Let q(z) = -4*z + 0 + 0 - 5*z**2 + 3*z**2 + 4. Calculate q(-4).
-12
Suppose -u + 7 = 2*l + 5, -4*l - 5*u - 2 = 0. Let c(w) = 2*w**3 - 2*w**2 + 2*w - 3. Calculate c(l).
9
Let g(z) = -z**3 - 8*z**2 + 8*z - 6. Let c be g(-9). Let k = 0 + c. Let s(i) = 3*i**2 - i**3 + 3 - 3 - 3*i - 1. What is s(k)?
-10
Let r(h) = 2*h. Let p = -19 - -11. Let o be ((-2)/p)/(1/8). Determine r(o).
4
Let h(q) be the first derivative of -q**2/2 - 4*q + 6. Give h(-7).
3
Let j(s) = -3*s. Let k(w) = -w**3 + 9*w**2 - 7*w - 7. Let i be k(8). Let b = 0 - i. Give j(b).
3
Let a(n) = 2656 + 3*n**3 - n**2 - 2656. Determine a(-1).
-4
Let z(y) = -y**2 - 5*y - 6. Let r(i) = -i**2 + 7*i - 9. Suppose -4*k + 17 = -11. Let l be r(k). Let v = l + 5. What is z(v)?
-2
Let b(h) = h + 0*h + h. Let v = -1 - 0. Give b(v).
-2
Let g be 8/(4 - 1 - 5). Let v(a) = 0 + 2*a**2 + 2*a - 5 - a**2. Determine v(g).
3
Let p be (-1)/(2 - (-14)/(-6)). Suppose -y = p*y. Let k(v) = v - 5. What is k(y)?
-5
Suppose -6 = 7*o - 4*o. Let k(l) = l**2 + l - 1. Give k(o).
1
Let c(s) = -s + 7. Let j be c(3). Suppose 0 = -d - 2*d + 6. Let k(n) = 0 + 3*n - n**3 + 3*n**d - j + n. Calculate k(3).
8
Let f(b) be the first derivative of -b**4/4 - b**3 + 8. Give f(-4).
16
Suppose -f + 5*m = -23, 9*f - 4*f - 5*m - 35 = 0. Let x(z) = -z**3 + 3*z**2 + 2*z - 3. Determine x(f).
3
Let y(w) = -w**3 - 7*w**2 - 5*w + 8. Suppose -2*f - h = -0*f + 12, -3*f = -h + 18. Calculate y(f).
2
Let a(m) = m + 8. Suppose 5 - 31 = 2*x. Let h be a(x). Let g(y) = y + 2. What is g(h)?
-3
Let v(o) = -72 - 2*o + o + 43 + 33. Calculate v(-5).
9
Let b(q) be the third derivative of -q**4/8 + q**3/6 - 5*q**2. What is b(-1)?
4
Let l(z) be the second derivative of -1/180*z**6 + 0 - 4*z + 0*z**2 + 0*z**3 + 1/60*z**5 + 1/4*z**4. Let b(g) be the third derivative of l(g). Give b(-2).
10
Let j(h) = h**2 + 7*h - 3. Let l be (-19 - -26)*(-1 + 0). Calculate j(l).
-3
Suppose 3*t = -0*t - 30. Let p = 5 + t. Let f(z) = z**3 - 5*z**2 - 8*z - 7. Let y(v) = -v**3 + 4*v**2 + 7*v + 6. Let q(j) = p*y(j) - 4*f(j). What is q(-2)?
-4
Let h be 3 - (0/(-1))/(-2). Suppose -3*j = h*j. Let b(z) = z**3 - z**2 + 1. Let r(i) = -7*i**3 + 5*i**2 - 1. Let l(x) = 6*b(x) + r(x). What is l(j)?
5
Let q(p) = 5*p - 4. Let c(l) = -2*l + 2. Let t(r) = -r**2 - r + 3. Let y be t(3). Let w(j) = y*c(j) - 4*q(j). What is w(6)?
-14
Let l(x) = 2*x + 4. Suppose 0 = -a - 7 + 1. Determine l(a).
-8
Suppose 0 = -4*u + 12. Suppose -u*y + 15 = -3*t + 6*t, 3*y = -5*t + 13. Let j(m) = -m**3 + 5*m**2 + 5*m - 1. Give j(y).
-7
Let g(p) = -3*p**2 + 7*p + 3. Let k(a) = -2*a**2 + 4*a + 2. Let w(o) = 3*g(o) - 5*k(o). What is w(-4)?
11
Let t(q) = 2*q - 4. Let o be t(4). Let v(u) = o*u + 4*u - 4*u. Give v(2).
8
Let i(j) = j**2 - 6*j - 10. Let o be i(8). Let k(u) = u**2 - 7*u - 4. Let n(x) = 2*x**2 - 14*x - 9. Let m(q) = 7*k(q) - 3*n(q). Give m(o).
-7
Let k(l) = -l - 6. Let i = 24 + -19. Give k(i).
-11
Let i(d) be the second derivative of -d**5/20 - d**4/3 - 2*d**3/3 - d**2 - d. Let m be ((-2)/1)/((-1)/(-1)). Determine i(m).
-2
Let i(r) = 308*r + 0*r**2 - 2 - 301*r + 9 - r**2. Give i(7).
7
Let a(s) = -s**3 - s**2 - 3*s - 1. Suppose 0 = v - 2, 2*v + 2 = -2*o + v. Determine a(o).
9
Suppose 3*v + 9 = -q, 2*v + 2 = -0. Let n(o) = 4*o**3 + 19*o**2 + 14*o + 27. Let m(d) = d**3 + 5*d**2 + 4*d + 7. Let w(p) = 9*m(p) - 2*n(p). What is w(q)?
-3
Let y = -4 - -13. Suppose -1 = -3*n - 4*r, -3*n - 2*n - 3*r = -y. Let m(j) = -2*j + 1. What is m(n)?
-5
Let n(x) be the first derivative of x**4/4 - 2*x**3/3 - x**2/2 - 2*x - 3. Determine n(2).
-4
Let v(b) = b - 2. Let j(r) be the second derivative of r**4/24 - 4*r**3/3 - r**2 + 2*r. Let x(t) be the first derivative of j(t). Let s be x(4). What is v(s)?
-6
Suppose r + 8*a + 22 = 3*a, -72 = 2*r + 3*a. Let i be (r/35)/(1/(-5)). Let p(o) = -o**3 + 5*o**2 + 6*o + 5. Determine p(i).
5
Let z = -8 + 15. Let q(i) = i**3 - 6*i**2 - 9*i + 2. Calculate q(z).
-12
Let n(s) = -5*s - 1 - 3 + 3. Calculate n(-2).
9
Let q(z) be the first derivative of -z**3/3 + 2*z**2 + 3*z - 7. Let t(p) = p**2 + 9*p + 4. Let b be t(-9). What is q(b)?
3
Let a(v) = v**2 + 8*v + 5. Let w be (30/25)/((-2)/10). Determine a(w).
-7
Let n(t) = t**2. Suppose 4*h = 3*h - m - 5, 2*h - m = -7. Let f(s) = -5*s**2 - s**3 + 3 - 6*s - 9*s + 12*s. Let o be f(h). Give n(o).
1
Let n(t) be the second derivative of -1/3*t**3 + 0 + 1/12*t**4 + t - 1/2*t**2. Give n(3).
2
Let q(p) = -p**3 + 12*p**2 - 11*p - 2. Let i(r) = -r**2 + 25*r - 35. Let n be i(23). Calculate q(n).
-2
Let v(i) = -3. Let d(b) = b - 4. Let s(r) = 3*d(r) - 4*v(r). Suppose -4*g - 17 = -5. Determine s(g).
-9
Let k(z) be the first derivative of 2/3*z**3 + z - z**2 + 3 - 1/4*z**4. Give k(2).
-3
Let q(b) = -4*b**3 - 5 - 6*b**2 + 0*b**3 + 3*b**3. Calculate q(-6).
-5
Let p(y) = 3*y**2 + 3*y + 1. Let k = -12 + 13. Let m be 0 + 1 + k + -4. Determine p(m).
7
Let d = -9 - -14. Let l(c) be the third derivative of 2/3*c**3 - 1/120*c**6 + 1/12*c**5 + 0 - 1/12*c**4 - c**2 + 0*c. What is l(d)?
-6
Let n(o) = o - 14. Suppose -4*v + 4 = -4. Suppose -v*z + 3 = -9. What is n(z)?
-8
Let y(f) be the third derivative of f**5/60 + f**4/3 + f**3/3 - 17*f**2. What is y(-7)?
-5
Let q = 4 - 5. Let n be q/2*(4 + -16). Suppose 3 = 3*c - n. Let p(z) = z**3 - 3*z**2 + 2*z - 1. Calculate p(c).
5
Let g(v) be the first derivative of -3*v**2/2 - 2*v + 1. Suppose -4*n = -3*n + 3. What is g(n)?
7
Let r(f) = f + 8. Suppose 0 = 3*p + 24 - 6. Give r(p).
2
Let y(s) = -s**2 - s - 2. Let k(w) = -w**2 + 7*w - 3. Let m be k(7). What is y(m)?
-8
Let n(m) = -4*m - 20. Let i be n(-5). Let v(g) = g**3 - g + 15. Calculate v(i).
15
Let i(t) = -t**2 - 2*t + 3. Let d(m) = -m**2 - m + 1. Let g(z) = -4*d(z) + i(z). Determine g(1).
4
Suppose -5*k + 16 = 3*d, -2*d - 23 = -d - 4*k. Let x be ((-3)/1)/(1*d). Let z(i) = 1 - 6*i**2 - 2*i + 2*i. Give z(x).
-5
Let a = 1 + -1. Let p(w) = -w**3 - w**2 - w - 9. Calculate p(a).
-9
Let x(v) = -2*v - 3. Suppose 0 = -5*g + 20, 4*r + r + 2*g = 48. Suppose -5*d + 42 = -r. Let w = 7 - d. Determine x(w).
3
Let d(m) be the second derivative of m**5/20 - m**3/6 + m**2/2 + 5*m. Calculate d(-2).
-5
Let c(y) = y**2 - 7*y + 8. Let u be c(6). Let t(x) = -7*x**2 + 9*x - 2. Let n(a) = -3*a**2 + 4*a - 1. Let k(f) = 9*n(f) - 4*t(f). Determine k(u).
3
Let w(z) = 4*z - 1. Let k(p) = -4*p. Let v(f) = 3*k(f) + 4*w(f). Let y = -5 + 14. Let i = -5 + y. Calculate v(i).
12
Let f(y) = 2 + y**2 + 0*y**2 + 1 + 2*y. Suppose 3*q - 9 - 3 = 0. Let k = 2 - q. Determine f(k).
3
Let y be (-8)/(-20) - (-96)/10. Let n = y + -14. Let t(a) = -a**3 - 4*a**2 + a + 1. What is t(n)?
-3
Let m(f) be the first derivative of 2*f - 1/12*f**4 + 2 + 0*f**3 + 1/2*f**2. Let z(i) be the first derivative of m(i). What is z(-3)?
-8
Suppose -x - 2 - 2 = 0. Let o(a) be the first derivative of a**3/3 + a**2 - 2*a - 1. What is o(x)?
6
Let l(j) = -2*j + 3. Let a = -6 - -8. Suppose 0 = -4*f + 22 - 6. Suppose -12 = -f*b - a*r, 5*r = b + 10 - 2. Give l(b).
-1
Let u(w) be the first derivative of -w**5/15 - w**4/24 - 7*w**3/3 + 8. Let l(b) be the third derivative of u(b). Calculate l(-1).
7
Let t(s) = -2*s - 1. Suppose -4*r - m + 1 = 3, -2 = -4*r + m. Suppose 1 = -y - r*y. Calculate t(y).
1
Suppose -2*m - 2 = -m - 4*o, 4*o = 8. Let n(z) = 24*z**3 - 12*z**3 - 6*z**2 - 1 - 11*z**3. What is n(m)?
-1
Let y = 8 + 0. Suppose -t = -2*q + y, q + 5*t - 14 = 1. Suppose 0 = -n + q*n - 3*k, 5*k = -2*n. Let l(p) = -p. Calculate l(n).
0
Let a(r) be the first derivative of -r**4/4 + 8*r**